 12
254764
-2363126 (base 7) to base 14
-7babd
Convert 312520054 (base 6) to base 13.
118c3ab
Convert 61106 (base 10) to base 6.
1150522
Convert 818776 (base 9) to base 3.
220122212120
301717 (base 10) to base 5
34123332
What is 110111101101110001011 (base 2) in base 15?
260e1a
What is 233012232 (base 4) in base 9?
323600
341320 (base 5) to base 11
9097
Convert -164205 (base 8) to base 15.
-12985
1010110000101100011 (base 2) to base 4
1112011203
Convert -363232 (base 10) to base 13.
-c943c
What is -516578 (base 12) in base 8?
-4674254
What is -723b5 (base 12) in base 5?
-14233202
5556274 (base 8) to base 3
2211010021121
Convert -224441121 (base 7) to base 16.
-d16b6b
-5dce9 (base 15) to base 12
-125693
Convert 71575537 (base 8) to base 12.
50a0253
What is 897340 (base 11) in base 12?
58b5a5
Convert -2221210121 (base 3) to base 12.
-297ba
-13a20 (base 14) to base 6
-1013100
What is 101001000010001100100 (base 2) in base 8?
5102144
Convert 24705232 (base 9) to base 6.
1111311345
11312112002 (base 4) to base 16
176582
97b71 (base 12) to base 16
30ec5
What is -100101000011101011111 (base 2) in base 10?
-1214303
What is 100212020200111 (base 3) in base 8?
23773347
Convert -5a27d6 (base 14) to base 6.
-150004440
-7c645 (base 13) to base 16
-37822
Convert -66122453 (base 7) to base 10.
-5669681
Convert -121000122021201 (base 3) to base 13.
-19c2067
Convert 963620 (base 12) to base 7.
26100360
What is -15240132 (base 7) in base 6?
-51104250
Convert -383638 (base 10) to base 2.
-1011101101010010110
148a6 (base 16) to base 2
10100100010100110
-110001001110110010 (base 2) to base 6
-4153322
Convert -101011100001010111010 (base 2) to base 3.
-2200110020202
What is -466827 (base 10) in base 3?
-212201100220
Convert 1266 (base 11) to base 16.
66d
What is -194cc3 (base 13) in base 8?
-2340525
What is -12df68 (base 16) in base 10?
-1236840
Convert 100101011011100100 (base 2) to base 14.
3dc32
-112220210101 (base 3) to base 4
-1013230003
What is 10011201201022 (base 3) in base 14?
31cd47
Convert -4854 (base 14) to base 3.
-122022100
-71a719 (base 11) to base 5
-243444200
3201245 (base 6) to base 8
460275
-b7a33 (base 12) to base 5
-30213141
Convert -37150730 (base 8) to base 7.
-126346635
14059 (base 12) to base 2
110110001000101
31134410 (base 6) to base 8
3334106
6270467 (base 11) to base 15
e85627
What is -46576 (base 12) in base 9?
-153100
Convert 2190af (base 16) to base 5.
1030342402
What is -11122211001 (base 3) in base 10?
-91720
Convert 1688a4 (base 12) to base 14.
a1752
3ca7a2a (base 13) to base 5
14411114113
Convert 146542 (base 8) to base 13.
1ac16
20220014 (base 6) to base 13
173137
-110011101011110000000100 (base 2) to base 7
-223106066
What is -104a20a (base 14) in base 8?
-35324502
Convert 1b0810 (base 16) to base 2.
110110000100000010000
What is 1100100000100110101100 (base 2) in base 16?
3209ac
Convert 24261432 (base 7) to base 8.
10206770
Convert -101011001110111101100 (base 2) to base 4.
-11121313230
1441045 (base 6) to base 7
464351
What is -8782071 (base 9) in base 8?
-22000441
-1001101101120 (base 3) to base 12
-22b3a3
Convert 1083ad (base 15) to base 6.
24512301
What is -726393 (base 13) in base 9?
-5018466
What is -211222200022 (base 3) in base 2?
-1101110011101111010
Convert 220000221 (base 3) to base 9.
26027
Convert 1d3249 (base 14) to base 11.
6548a8
What is -525a163 (base 11) in base 9?
-18383355
143203656 (base 7) to base 2
100100000010010111110010
d438 (base 14) to base 3
1212002002
What is -148053 (base 14) in base 4?
-2232030221
-80ba2 (base 13) to base 5
-24333404
227439 (base 15) to base 5
410111304
What is -11524465 (base 8) in base 5?
-1122034220
Convert 1010100001100000000001 (base 2) to base 10.
2758657
-374742 (base 13) to base 12
-53a133
Convert 111110111000110011101 (base 2) to base 12.
834651
Convert -2683556 (base 9) to base 7.
-15341304
Convert -100031020200 (base 4) to base 15.
-58da66
What is -1d4e04 (base 15) in base 10?
-1434154
Convert -723b7 (base 14) to base 7.
-2224120
What is 100133010 (base 4) in base 14?
1a872
Convert 1041747 (base 8) to base 5.
32421102
Convert 4264361 (base 7) to base 15.
a41d8
3902cc (base 13) to base 15
1c153e
What is -2c516 (base 16) in base 9?
-306005
14324 (base 15) to base 14
198b0
-2012200120 (base 4) to base 12
-2269b4
-2015026 (base 8) to base 16
-81a16
What is -416170 (base 9) in base 2?
-111100010111101011
What is 1111122410 (base 5) in base 8?
11241766
What is -1101110111011111010 (base 2) in base 11?
-290436
Convert 1000110111011011100110 (base 2) to base 11.
1348228
1e1419 (base 16) to base 7
22520004
-101112100210 (base 3) to base 12
-9bb70
21032231 (base 4) to base 2
1001001110101101
Convert -23143642 (base 7) to base 9.
-3730547
What is 252bc (base 14) in base 4?
112033212
Convert -13a2a61 (base 11) to base 9.
-4465112
Convert -19041 (base 10) to base 12.
-b029
-211511 (base 7) to base 14
-d4b1
-420961 (base 11) to base 7
-5506613
-122d6 (base 14) to base 15
-d2a9
Convert -514157 (base 8) to base 4.
-221201233
What is -11022011122 (base 3) in base 11?
-586a0
What is 11001011000110111110000 (base 2) in base 4?
121120313300
-133244410 (base 5) to base 15
-d6ca5
Convert 12671 (base 8) to base 5.
134221
-132a62 (base 13) to base 9
-775270
Convert 1a29513 (base 11) to base 10.
3423951
What is -191066 (base 10) in base 9?
-321075
Convert 320301313 (base 4) to base 10.
232567
What is 295981 (base 10) in base 14?
79c17
Convert -1111100110000000000 (base 2) to base 14.
-d4304
What is -11140 (base 13) in base 3?
-1120111101
Convert 32442252 (base 6) to base 5.
222014234
-326411 (base 7) to base 14
-16d41
-10010011001010010110 (base 2) to base 8
-2231226
11011011110010010011110 (base 2) to base 6
414210210
Convert -246850 (base 9) to base 5.
-14240114
Convert 20110012010 (base 3) to base 2.
11111000000001000
What is -66c21c (base 14) in base 13?
-952b70
Convert -32672 (base 15) to base 14.
-424a6
3435656 (base 8) to base 14
1a3d14
-494111 (base 11) to base 3
-1110200220212
What is 256bb (base 14) in base 15?
1c363
What is -2f24d3 (base 16) in base 3?
-12210222011100
Convert -9b5e (base 16) to base 4.
-21231132
-100010000011000111100 (base 2) to base 16
-11063c
Convert 20401a (base 13) to base 16.
b7725
What is -2121102021 (base 3) in base 13?
-1a49a
What is -221012212222 (base 3) in base 5?
-111340432
What is 57723 (base 8) in base 13?
b220
What is -40321103 (base 5) in base 7?
-2514334
What is 11000011000001010 (base 2) in base 11?
69023
What is 98b165 (base 15) in base 10?
7276820
12499491 (base 10) to base 8
57535043
Convert 101010100001011000010 (base 2) to base 5.
324041341
Convert -10220121201 (base 3) to base 7.
-440323
-3334140 (base 7) to base 11
-261614
Convert 1101010010 (base 2) to base 10.
850
What is -201200120010002 (base 3) in base 11?
-59a6858
Convert -3630035 (base 8) to base 4.
-3303000131
11001011000010010001101 (base 2) to base 12
228a1a5
What is -133254423 (base 6) in base 13?
-72bc61
Convert 216043 (base 13) to base 16.
bf800
What is 211211222220 (base 3) in base 13?
129963
Convert -8bad0 (base 15) to base 12.
-195336
Convert -121102022201 (base 3) to base 10.
-323182
What is -2098717 (base 11) in base 12?
-1299404
1571442 (base 8) to base 16
6f322
What is -630407 (base 12) in base 15?
-20ae8d
cc3e (base 16) to base 13
1aa50
Convert a3a640 (base 12) to base 2.
1001110011001000010000
Convert -220224 (base 7) to base 14.
-10084
What is -7687348 (base 9) in base 6?
-224322455
What is -1619008 (base 13) in base 6?
-412123501
a1d9ca (base 16) to base 5
10203411200
-2744da (base 15) to base 11
-107a309
What is -1a1b3 (base 14) in base 10?
-66209
What is -4b7495 (base 16) in base 3?
-100022020022211
What is b3dd02 (base 14) in base 6?
334031410
Convert -10432223002 (base 5) to base 2.
-101100010000011011011011
Convert -103262 (base 11) to base 14.
-44390
What is -52654345 (base 7) in base 13?
-c05551
Convert -2b0a7 (base 16) to base 15.
-37380
-361593 (base 11) to base 8
-2137155
Convert -437d7 (base 16) to base 12.
-113b87
What is 1001001000111000100 (base 2) in base 13?
a63c5
Convert -2334433041 (base 5) to base 10.
-5389771
What is -1002100232 (base 4) in base 13?
-966c5
-6262570 (base 9) to base 12
-1155630
What is -5666245 (base 8) in base 9?
-2788732
Co